number?
False
Is 13397 composite?
False
Is 2227321 a composite number?
False
Is 1907 a composite number?
False
Is 14519 a prime number?
True
Is 51778 prime?
False
Is 22966 prime?
False
Is 38431 a composite number?
False
Is 1693 a prime number?
True
Is 185047 a composite number?
True
Is 57871 composite?
True
Is 146819 composite?
False
Is 35747 composite?
False
Is 121585 prime?
False
Is 14519 prime?
True
Is 43853 a composite number?
False
Is 1184201 prime?
False
Is 38431 a prime number?
True
Is 4721 prime?
True
Is 5549 composite?
True
Is 208609 a composite number?
False
Is 68863 composite?
False
Is 282937 prime?
False
Is 9461 composite?
False
Is 24223 a composite number?
False
Is 1409 prime?
True
Is 210931 composite?
True
Is 6742 a prime number?
False
Is 113963 composite?
False
Is 840907 prime?
True
Is 311981 a prime number?
True
Is 26669 composite?
False
Is 46199 composite?
False
Is 11351 a composite number?
False
Is 552911 composite?
True
Is 31363 a composite number?
True
Is 286015 a composite number?
True
Is 566939 composite?
False
Is 1657 a prime number?
True
Is 990211 a composite number?
False
Is 363299 a composite number?
True
Is 2149 a composite number?
True
Is 1542811 a prime number?
True
Is 55541 prime?
True
Is 29353 composite?
True
Is 1007 a composite number?
True
Is 7214 composite?
True
Is 380041 a composite number?
False
Is 57181 composite?
True
Is 250709 a prime number?
True
Is 66977 a prime number?
True
Is 3407 prime?
True
Is 19 a composite number?
False
Is 281861 a prime number?
False
Is 31307 prime?
True
Is 6007 composite?
False
Is 285317 composite?
False
Is 6559 prime?
False
Is 31829 a composite number?
True
Is 629 a prime number?
False
Is 24439 prime?
True
Is 549103 prime?
False
Is 41577 prime?
False
Is 23801 a composite number?
False
Is 1706 a prime number?
False
Is 123373 a prime number?
True
Is 101977 a composite number?
False
Is 6773 prime?
False
Is 25657 composite?
False
Is 11413 composite?
True
Is 10681 composite?
True
Is 1997623 composite?
True
Is 480707 composite?
False
Is 18943 a composite number?
True
Is 331355 a composite number?
True
Is 111157 a prime number?
False
Is 2981 composite?
True
Is 196777 a prime number?
False
Is 5401 prime?
False
Is 628477 a composite number?
False
Is 15305 a prime number?
False
Is 615941 a composite number?
False
Is 3649 a prime number?
False
Is 163031 a prime number?
False
Is 8147 prime?
True
Is 499819 composite?
False
Is 371 prime?
False
Is 1367 a prime number?
True
Is 23227 a prime number?
True
Is 11749 composite?
True
Is 293377 a prime number?
False
Is 5111 a composite number?
True
Is 1400249 a composite number?
False
Is 685 a prime number?
False
Is 68969 composite?
True
Is 2153 prime?
True
Is 42317 composite?
True
Is 559 composite?
True
Is 145 prime?
False
Is 598963 a prime number?
True
Is 1543 a prime number?
True
Is 8893 a prime number?
True
Is 23599 prime?
True
Is 15901 a prime number?
True
Is 236867 a composite number?
False
Is 1649 prime?
False
Is 1333441 composite?
True
Is 31063 a prime number?
True
Is 7817 a composite number?
False
Is 625753 a prime number?
False
Is 277741 a composite number?
False
Is 861361 a composite number?
False
Is 9733 a composite number?
False
Is 2371 a composite number?
False
Is 2819 a composite number?
False
Is 195581 composite?
False
Is 32061 a prime number?
False
Is 67667 prime?
False
Is 490615 a prime number?
False
Is 520447 a prime number?
True
Is 21977 composite?
False
Is 314807 a composite number?
False
Is 7387 a prime number?
False
Is 36523 composite?
False
Is 145361 composite?
False
Is 1077 a composite number?
True
Is 217927 prime?
False
Is 397247 a composite number?
True
Is 222511 composite?
False
Is 145993 composite?
True
Is 154321 composite?
False
Is 31709 a prime number?
False
Is 25667 composite?
False
Is 126583 a prime number?
True
Is 1061 prime?
True
Is 1735 prime?
False
Is 26447 composite?
True
Is 113621 a composite number?
False
Is 57257 a prime number?
False
Is 64871 composite?
False
Is 14206 a composite number?
True
Is 15821 a composite number?
True
Is 371627 composite?
False
Is 12661 a composite number?
True
Is 156089 composite?
False
Is 460871 a prime number?
True
Is 160739 a prime number?
True
Is 197507 a composite number?
False
Is 2559 composite?
True
Is 54381 prime?
False
Is 10747 a composite number?
True
Is 39953 composite?
False
Is 9607 a prime number?
False
Is 169601 a prime number?
False
Is 436649 a composite number?
False
Is 40277 a prime number?
True
Is 217267 composite?
True
Is 48157 composite?
False
Is 767 prime?
False
Is 33527 prime?
False
Is 58823 a composite number?
True
Is 863 a prime number?
True
Is 7439 a composite number?
True
Is 335381 a prime number?
True
Is 89909 a prime number?
True
Is 62821 a prime number?
False
Is 3651 composite?
True
Is 15503 composite?
True
Is 211703 a composite number?
True
Is 170119 composite?
True
Is 65977 a prime number?
False
Is 811861 composite?
False
Is 2647 a prime number?
True
Is 4661 a composite number?
True
Is 839 a composite number?
False
Is 270373 prime?
False
Is 1816007 prime?
True
Is 6421 a prime number?
True
Is 257239 a composite number?
False
Is 59333 prime?
True
Is 2020789 prime?
True
Is 7153 prime?
False
Is 464207 a prime number?
False
Is 9527 composite?
True
Is 639215 prime?
False
Is 1037903 prime?
True
Is 22189 prime?
True
Is 4829 prime?
False
Is 11969 a prime number?
True
Is 261803 a prime number?
False
Is 81386 a composite number?
True
Is 1961 composite?
True
Is 14621 composite?
False
Is 697 a prime number?
False
Is 15835 a prime number?
False
Is 2863 prime?
False
Is 75431 a prime number?
True
Is 13093 prime?
True
Is 873339 prime?
False
Is 86287 a composite number?
False
Is 482269 prime?
False
Is 29879 a prime number?
True
Is 136943 composite?
False
Is 75503 a composite number?
False
Is 22867 composite?
True
Is 1858 composite?
True
Is 1788253 a composite number?
False
Is 636359 a composite number?
False
Is 22241 a composite number?
True
Is 1095313 a prime number?
True
Is 4367 composite?
True
Is 131993 a composite number?
True
Is 8663 composite?
False
Is 5273 a prime number?
True
Is 8077 composite?
True
Is 240253 prime?
False
Is 710051 composite?
False
Is 18229 composite?
False
Is 66574 a composite number?
True
Is 18331 a composite number?
True
Is 65003 a prime number?
True
Is 227947 prime?
True
Is 21643 composite?
True
Is 14507 a composite number?
True
Is 111905 a prime number?
False
Is 142741 composite?
True
Is 9383 a composite number?
True
Is 13291 composite?
False
Is 3679153 a prime number?
True
Is 4711 composite?
True
Is 160073 a composite number?
False
Is 481181 a composite number?
False
Is 2371019 a composite number?
True
Is 14587 composite?
True
Is 3989 a composite number?
False
Is 3466 a composite number?
True
Is 11549 composite?
False
Is 509199 composite?
True
Is 129419 a prime number?
True
Is 55381 a composite number?
False
Is 78919 prime?
True
Is 574003 composite?
False
Is 24511 a composite number?
True
Is 5959 composite?
True
Is 131609 a prime number?
False
Is 2321 prime?
False
Is 5303 prime?
True
Is 46927 composite?
True
Is 293323 a prime number?
False
Is 53929 prime?
False
Is 434957 a composite number?
False
Is 1967359 composite?
True
Is 763557 a composite number?
True
Is 851597 a composite number?
False
Is 27601 a prime number?
False
Is 101917 composite?
False
Is 4409 a composite number?
False
Is 1897979 a prime number?
True
Is 312359 a prime number?
False
Is 101681 composite?
False
Is 264203 a composite number?
True
Is 3299 a composite number?
False
Is 460862 composite?
True
Is 13829 a composite number?
False
Is 276539 composite?
True
Is 25031 composite?
False
Is 2435 a composite number?
True
Is 25391 a composite number?
False
Is 690839 composite?
False
Is 5221 composite?
True
Is 638317 a prime number?
True
Is 29239 prime?
False
Is 365969 a prime number?
True
Is 1117 prime?
True
Is 868613 a composite number?
False
Is 5098 composite?
True
Is 167357 a composite number?
True
Is 388202 prime?
False
Is 57639 prime?
False
Is 176991 composite?
True
Is 293359 composite?
True
Is 673 composite?
False
Is 9813 prime?
False
Is 4132141 prime?
False
Is 30739 a composite number?
True
Is 140947 a prime number?
False
Is 3293 prime?
False
Is 2531 a prime number?
T